en 81 is divided by w.
9
Suppose 80*m = 56*m + 2136. Calculate the remainder when m is divided by 11.
1
Let b(f) = -23*f + 1. Let t be b(-1). Suppose -5*c + t = -3*c. Suppose 29*z - 748 - 209 = 0. What is the remainder when z is divided by c?
9
Let p(x) = x**2 + x + 3. Let b be p(5). What is the remainder when ((-22)/b)/((-1)/66) is divided by 13?
5
Suppose -12 = 3*a, 0*k + 45 = k - 5*a. What is the remainder when (-7)/((-28)/12) - -70 is divided by k?
23
Suppose 2*u = -288 + 330. Calculate the remainder when 90 is divided by u.
6
Suppose 3*n - n = 60. Suppose -5*a - 5 = -n. Suppose -m + 128 = a*u, 4*u + m + 41 = 143. Calculate the remainder when 76 is divided by u.
24
Suppose -4*z + 395 = 3*y, 4*y - 2*z - 3*z = 537. Calculate the remainder when 102 is divided by 4/18 + y*1/9.
12
Let v = -56 - -68. Let y(j) = -8*j. Let a be y(3). Let c = 46 + a. What is the remainder when c is divided by v?
10
Suppose 0*j - 15 = -5*j, 5*i = 4*j - 7. Let h(g) = -2*g**3 - g**2 + g. Let u be h(i). Calculate the remainder when (-8 + 9)/(u/(-38)) is divided by 10.
9
Let g be (0 + 59 - -1) + (-72)/24. Suppose 3*h + 24 = g. Let a = 8 + -5. What is the remainder when h is divided by a?
2
Suppose -2*q = 3*x - 5*q - 54, -4*x + 102 = 2*q. Let t = -24 - -63. Let w = -26 + t. What is the remainder when x is divided by w?
10
Suppose -56*g = -57*g + 19. Suppose -3*v - 4*d - 32 = 0, 0*v + 4*d = v - 16. Let b(i) = -18*i + 2. Calculate the remainder when b(v) is divided by g.
17
Suppose -19 = -f - 4*r - 0*r, -r + 4 = 0. Let o = 12 - f. What is the remainder when 71 is divided by o?
8
Let g(f) = 4*f**2 + 8*f - 18. Calculate the remainder when g(8) is divided by 38.
36
Let a(t) = 5*t**2 - 14*t - 14. Calculate the remainder when a(11) is divided by 43.
7
Let s = -468 + 507. Calculate the remainder when 140 is divided by s.
23
Let k(b) = 3*b**3 + 4*b**2 + b + 3. Let h be k(-3). Let o = 78 + h. Let d(l) = l**2 - 5*l + 14. Calculate the remainder when d(-7) is divided by o.
32
Suppose 7 = -3*o + 25. Let l = 5 - o. Let t(i) = 8*i**2 - 1. What is the remainder when t(l) is divided by 4?
3
Let j(d) = 14*d + 13. Let f be j(-5). Let a = f + 34. Calculate the remainder when 43 is divided by a/4*(-5 + 1).
20
Suppose -28*c = -2*c - 858. Suppose -l - k = -12, 5*l - 2*k - 23 = 2. What is the remainder when c is divided by l?
5
Let k = 32 + -27. Suppose -2*g = k*a - 45 - 16, -3*a = -4*g + 187. Suppose -34 - 54 = -4*w. Calculate the remainder when g is divided by w.
21
Suppose s + 1 - 4 = a, 5*s = -4*a + 33. Calculate the remainder when a is divided by 8/(-2)*((-81)/(-18) + -5).
0
Suppose 8 = 6*p - 34. Let m = -24 + 49. What is the remainder when m is divided by p?
4
Suppose -2*j + 16 = 2*g, -j + 1 = -2*g - 1. Suppose -2 = -k, 4*y + j*k - 214 = k. What is the remainder when y is divided by 27?
24
Suppose 2*f - 1399 = p, 3*f = p - 6*p + 2079. What is the remainder when f is divided by 78?
74
Let p = -5 - -7. Suppose p*w - 11 = 3. Calculate the remainder when 3625/200 - 1/8 is divided by w.
4
Let l = -33 - -22. Let p = -7 - l. Suppose 5*h = -a + 136, a + p*a = 5. What is the remainder when h is divided by 6?
3
Suppose -5 = 2*v + 5*o, -4*v + 0*o + 4*o = 52. Let u = 5 + -3. Let x = u - v. What is the remainder when 47 is divided by x?
11
Let t = 99 - 43. Suppose -1052 = s - 377. What is the remainder when t is divided by (2/6)/((-15)/s)?
11
Suppose 2*o - o + 6 = 3*d, 3*o - 42 = -3*d. What is the remainder when 42 is divided by o?
6
Let z(q) = -8*q + 8. Let a = -1 + -4. Let g = a + -3. Calculate the remainder when z(g) is divided by 15.
12
Suppose -v + 3*s = -6, -3*v - 2*s = s - 6. Let q be (0*(-3)/12)/v. Suppose q = -2*n + 24 - 6. What is the remainder when 34 is divided by n?
7
Let h(v) = -2*v**2 - 4*v - 7. Let r be h(-3). Calculate the remainder when -1 + (3 - r)*(1 + 0) is divided by 6.
3
Suppose 3 = -w, 2*h + 3*w = 7*h - 24. Suppose 3*b = -h, 0 = -3*o - 4*b - 30 + 107. Calculate the remainder when 91 is divided by o.
10
Suppose 10 = 5*a - 5*z + z, -3*a + 6 = 3*z. What is the remainder when 10 is divided by (-33)/(-9) + a/(-3)?
1
Let v be 4 - 1 - 1 - -1*131. Let n = 198 - v. What is the remainder when n is divided by 11?
10
Let o(c) = 3*c - 4. Let m(a) = a**2 + 7*a + 3. Let j be m(-8). What is the remainder when o(j) is divided by 28/84 - 100/(-6)?
12
Let a(n) = n**3 - 7*n**2 - 5*n - 1. Let v be a(7). Let c = v - -38. Calculate the remainder when 2 is divided by c.
0
Let j = -227 + 216. Suppose -a = 3*a + 68. Let v = j - a. Calculate the remainder when 23 is divided by v.
5
Calculate the remainder when 3/(-21) + 2188/28 + 1 is divided by 41.
38
Suppose 0 = -10*u - 18 + 168. What is the remainder when 29 is divided by (4 + -3)/(2 - 27/u)?
4
What is the remainder when (-127)/(10/12 - (-216)/(-162)) is divided by 90?
74
Let m(b) = 2*b**2 + b + 2. Let t = -17 - -50. Calculate the remainder when t is divided by m(-3).
16
Let q(c) = c**2 - 4*c + 5. Let v be q(3). Suppose -3*x + 23 = -v*b, -3*b - 16 = -x - 4*b. What is the remainder when x is divided by 9?
2
Suppose -5 = 29*k - 34*k. Calculate the remainder when 39 + -4 + 8 + k is divided by 12.
8
Suppose 50 = 4*l - 2*l. Calculate the remainder when l is divided by 9/(45/20) - -7.
3
Suppose -3*b = 4*m - 219, -2*b + 7*b + 128 = 3*m. Suppose 0 = -2*y - 20 + 56. What is the remainder when m is divided by y?
15
Let w(y) be the second derivative of 2*y**3/3 - 9*y**2 - 36*y. What is the remainder when (12/(-10))/((-3)/220) is divided by w(9)?
16
What is the remainder when 25 is divided by 4/(-1) + (-57)/(-3)?
10
Let x be -7 + 4 + (-10 - -2). Suppose -2*k - g + 29 = -0*k, g = -5. Let r = k + x. What is the remainder when 9 is divided by r?
3
Let i = 7 - 4. Calculate the remainder when -65*(2/(-29) - (-285)/(-2175)) is divided by i.
1
Let p = -195 - -232. Calculate the remainder when p is divided by 15.
7
What is the remainder when (-4)/26 - 2012*(-323)/884 is divided by 123?
120
Let p = -16 + 8. Let t = 13 + p. Suppose -t*r - 2*c + 227 = c, 2*r = 3*c + 95. Calculate the remainder when r is divided by 12.
10
Suppose 5*m - 4*m - 41 = 0. Suppose -3*c + 8 + 21 = -2*k, 0 = 3*c - 5*k - 32. What is the remainder when m is divided by c?
5
Suppose -2644 = -53*v - 47. What is the remainder when v is divided by 19?
11
Let i(o) = o**3 + 10*o**2 + 5*o + 5. What is the remainder when i(-8) is divided by 9?
3
Calculate the remainder when ((-96)/5)/(-2 + 16/10) is divided by 14.
6
Let i be 45 - -2 - (1 - 5). Let w = 60 - i. Calculate the remainder when 26 is divided by w.
8
Suppose -3*v + 8*v + 25 = 0, 5*v + 10 = -5*t. What is the remainder when (-34)/(-85) + (-73)/(-5) is divided by t?
0
Let k(s) = 5*s**2 - 9*s - 9. What is the remainder when 97 is divided by k(-2)?
10
Suppose -6*l = -188 - 40. What is the remainder when (-12)/(-16) - (-449)/4 is divided by l?
37
Suppose 0 = 127*s - 130*s + 306. Calculate the remainder when s is divided by 52.
50
Let b(v) = 3971 - 3960 + 0*v - 8*v. Suppose 0*d + 3*g = 4*d - 67, -4*d + 57 = -g. What is the remainder when b(-3) is divided by d?
9
Let h be (-5)/(-10) - (-579)/6. Suppose 104 - h = y. What is the remainder when 13 is divided by y?
6
Let u = -4 - -9. Suppose 4*s + 66 + 234 = 2*a, -u*a + 2*s = -726. Suppose -a = -4*c - 0*c. Calculate the remainder when c is divided by 13.
10
Let r(w) = -w**2 - 11*w + 4. Let l be r(-11). Suppose 5*t + c = 89, 3*t - l*c - 58 = -0*t. What is the remainder when t is divided by 4?
2
Let p(x) = x**2 - 6*x - 11. Let l be p(8). Let t = 27 - l. Calculate the remainder when t is divided by 5.
2
Suppose 0 = -4*s - 4*l + 57 + 11, -3*s + 23 = -4*l. Calculate the remainder when 50 is divided by s.
11
Suppose 0 = -6*g - 16 + 112. What is the remainder when 1549 is divided by g?
13
Let j = -548 + 98. Let i be 2/(5/j*-4). Suppose -2*p - p + 36 = 3*s, 4*p - i = -3*s. What is the remainder when 34 is divided by p?
7
Suppose 4*d - 551 = 397. What is the remainder when d is divided by 24?
21
Suppose 0 = -3*g + s + 105, 0 = g + 4*g - 3*s - 175. Calculate the remainder when 1833/18 - 1/(-6) is divided by g.
32
Suppose -4*b + 6 = -b. What is the remainder when b*3*140/42 is divided by -16*((-5)/(-2))/(-5)?
4
Let b(s) = 7*s**3 - s**2 - 9*s + 2. Let t(i) = 10*i**3 - 2*i**2 - 14*i + 3. Let p(f) = 8*b(f) - 5*t(f). What i